be (-4)/(-14) + 15/21. Let w = 6 + -3. Suppose -2*k - 2*r + 24 = 0, -w*r = -3*k + r + c. What is the units digit of k?
7
Let k = -2 + 6. Let h = k - 2. Let v = -1 + h. What is the units digit of v?
1
Let w be (-6)/3 + 2 - -11. What is the units digit of (-3)/(-3)*1*w?
1
Let d(l) = -l**2 + 11*l - 7. Let o be d(10). What is the tens digit of (-4 + 30 - -2) + o?
3
Suppose -3*l = l + 3*r + 4, 2*l + 16 = -5*r. Let s(y) = 2*y + 4. What is the units digit of s(l)?
8
Suppose 0*g + 3*g = 15. Suppose u = -k + 15, -g*k = 3*u - 5*u + 44. What is the tens digit of u?
1
Let w = 48 + -6. What is the tens digit of w?
4
What is the tens digit of 694/4 + (-5)/10?
7
Let o(p) be the third derivative of -p**6/120 - p**5/10 + 7*p**4/24 + 5*p**3/6 + p**2. Let n be o(-7). Let x(c) = c + 2. What is the units digit of x(n)?
7
Suppose 3*u + 3*l = 8*u + 8, -3*u + l = 8. Let a = 0 - u. Suppose -3*f + 7 = -4*v, -a*f - 3*v = -8*v - 10. What is the units digit of f?
5
Let u = -19 - -166. Suppose -4*x - u = 3*n, 4*x + 4*n + 46 + 106 = 0. Let i = 46 + x. What is the units digit of i?
3
Let v = 327 + -141. What is the hundreds digit of v?
1
Suppose -3*s = -h - 1, -3*s + 7 = 3*h - 14. What is the units digit of s?
2
Let i be (0 - 2/(-1)) + 1. Suppose 0 = -5*h - 0*a + 2*a - 9, -i*a + 6 = -5*h. Let d(v) = v**3 + 3*v**2 + 3. What is the units digit of d(h)?
3
Let a(i) = -i**3 - 5*i**2 - 3*i - 6. Let n be (-2)/(-4) - 4/8. Let d = -5 - n. What is the units digit of a(d)?
9
Let f be (10/(-8))/(4/(-16)). What is the tens digit of -4 + f + (-1 - -39)?
3
Let d(w) = w**2 - 3*w - 6. Let q be d(5). Suppose 3*h - q*c = 141, 0*c = -3*c. What is the tens digit of h?
4
Suppose 0*n = -5*n + 15. Let t(q) = 4*q**3 + 2 - 3*q**3 - q**2 + 0*q**2 - q. What is the units digit of t(n)?
7
What is the units digit of (1222/39)/((-2)/(-3))?
7
Suppose r = o - 9, 2*r - 12 = -3*o - 0*o. Suppose -2*z = -o*z + 108. What is the units digit of z?
7
Let t(a) be the first derivative of -3*a**2 - 6*a - 1. Let q be t(-4). What is the units digit of -9 + q + 6/(-2)?
6
Suppose -3*q + 5 + 367 = 0. Let k = q + -72. What is the units digit of k?
2
Suppose -2*t + t = -2*m + 652, 5*t = 4*m - 1304. What is the units digit of m?
6
Let q = -3 + 2. Let s(t) = -2 - 6*t + 1 + 2. What is the units digit of s(q)?
7
Let f(n) = -2*n + 4. Let q be f(-10). Suppose y + p + 51 = 5*y, q = y + 2*p. What is the tens digit of y?
1
Let s(h) = h**2 + 9*h - 7. Let n be s(-10). Suppose a - 34 = n*z, -3*z = 8*a - 3*a - 170. What is the tens digit of a?
3
Suppose 337 = 5*n - k - k, 0 = 4*n - 5*k - 256. What is the units digit of n?
9
What is the tens digit of (-50)/(((-4)/(-10)*5)/(-1))?
2
Let z(g) = 7*g + 8. What is the tens digit of z(7)?
5
Let j(m) be the first derivative of -m**3/3 - 2*m**2 + 3*m - 2. What is the units digit of j(-4)?
3
What is the units digit of 11/2 + (-3)/6?
5
Suppose 4*p - 327 = 61. What is the units digit of p?
7
Let q = 174 - 267. Let f = 132 + q. What is the tens digit of f?
3
Suppose 0 = -2*v + 5*b + 64, -2*v + 3*b - 5 = -61. What is the tens digit of v?
2
What is the units digit of ((-87)/4)/(4 - 17/4)?
7
Let f(r) = 27*r - 8. Let a(y) = 27*y - 7. Let h(w) = -6*a(w) + 5*f(w). What is the units digit of h(-1)?
9
Suppose -6*y = -3*y - 21. Suppose -30 = -y*k + 2*k. Let w = 12 - k. What is the units digit of w?
6
Suppose 4*o + 51 = 5*c + o, 0 = 4*o + 8. What is the units digit of c?
9
Let b = 1 + 1. Suppose 0 = 2*n - 4*w - 42, -4*w + 33 = n - b*w. What is the units digit of n?
7
Suppose 104 = 5*n - 86. Suppose q - 5*q + 176 = 4*w, -q = -w - n. What is the tens digit of q?
4
Suppose -27*r - 56 = -28*r. What is the tens digit of r?
5
Let k(g) = g**2 - 5*g + 2. Let r be k(4). What is the tens digit of 0/r + 32 + 3?
3
Suppose -3*r = 2*r - 445. Let n = r - 59. Suppose -q - n = -3*s + 4*q, -5*s + 3*q = -66. What is the tens digit of s?
1
Let s be (-1 + 7/4)*-4. Let a = 4 + s. What is the units digit of a?
1
Let p(j) = j**2 + j - 8. What is the units digit of p(-6)?
2
Let b be (-50)/(-15)*6/(-5). Let k(l) = l**2 + 2*l + 3. What is the tens digit of k(b)?
1
Let c(a) = 2*a**2 - 1. Let n be 2/4 + (-42)/12. Let m(p) = 5*p**2 - 3. Let q(o) = n*m(o) + 8*c(o). What is the units digit of q(3)?
0
Suppose 0 = -4*o - 81 + 25. What is the tens digit of (-8)/3*63/o?
1
Let z(b) = -3*b**3 + 2*b**2 + 3*b + 1. Let p(c) = c - 4. Let q be p(2). What is the tens digit of z(q)?
2
Suppose 3*t + 188 = -5*o, 4*o - 4*t - 23 + 199 = 0. What is the units digit of (-5)/((-15)/9) - o?
3
Let l = -26 + 12. Let c = l + 27. What is the units digit of c?
3
Let d(r) = r**2 - 3 + r**2 + 1 + r - 2*r. Let j(c) = -c**2 + 2. Let y be j(-2). What is the units digit of d(y)?
8
Let m be (-1 - -2)*-2 - -31. Let n = -18 + m. What is the units digit of n?
1
Suppose q = -5*j - 5, 21 = -3*q + 6*q - 3*j. Suppose 28 = d - q*d. Let f = d + 20. What is the tens digit of f?
1
Suppose 9*z + 13 = 4*z + 3*j, z - 2 = -4*j. Let k(y) = -y**3 + 2*y**2 + 2*y. What is the tens digit of k(z)?
1
Suppose w + 2 + 3 = 0. Let u = -3 - w. Let z = u - -2. What is the units digit of z?
4
Suppose -a = a - 16. What is the units digit of a?
8
Suppose -286 = -o + b - 3*b, 4*o = 5*b + 1209. What is the units digit of o?
6
Let k(i) = 17*i**2 + 1. Let x be k(-1). Let w be (x/(-4))/(3/6). Let g = w - -16. What is the units digit of g?
7
Let f(x) = x**3 + 8*x**2 + 6*x + 7. Let t be f(-7). Suppose j = -j + t. Let o = j - 2. What is the units digit of o?
5
Let f = 8 - 4. Suppose -f*x + 2*x + 18 = 0. What is the units digit of x?
9
Suppose 0*n - 3*n = 30. Suppose 0 = 4*s - 11 + 71. Let m = n - s. What is the units digit of m?
5
Suppose -20*d = -16*d - 256. What is the units digit of d?
4
Suppose 0 = -3*z + 2*z. Suppose -2*q + 3 + 3 = z. What is the units digit of q?
3
Suppose -2*r + 30 = -0*o - 4*o, -4*r = 12. Let x = 15 + o. What is the units digit of x - (2 + 2 + -3)?
5
Let i(o) = o**3 + 3*o**2 + 2*o + 3. Let k be i(-2). What is the units digit of -1 + k + (-8)/(-4)?
4
Let k(o) = 3*o**2 - 7*o. Let w be k(7). Suppose -5*i + 5*m - 63 = 62, -w = 4*i - 2*m. What is the units digit of (-1 - 0)/(4/i)?
6
Suppose -2*v + 20 - 4 = 0. Suppose -j + v = j. What is the units digit of j?
4
Let f(h) = h**3 - h**2 + 10. What is the units digit of f(0)?
0
Suppose 2*k - 3*k + 4 = y, -20 = -5*k + y. What is the units digit of k?
4
Suppose 8*y = 3*y + 65. Let g = y + -9. Suppose 25 = 3*c + g*n, 4*c - 3*n - 3 = -c. What is the units digit of c?
3
Let n(z) = -5*z**3 + z**2 + 3*z + 3. What is the tens digit of n(-2)?
4
What is the units digit of (-13)/((-234)/456)*(-1 - -4)?
6
Suppose -f + 44 = -5*n + f, -16 = n - 4*f. Let l = 23 + n. What is the units digit of l?
5
Suppose -93 = 5*b + 2*u, -50 = 2*b + 3*u - 15. Let g(q) = q**3 - 6*q**2 - 8*q - 6. Let z be g(7). Let p = z - b. What is the units digit of p?
6
Let u(s) = -s - s + 3 + s**2 - 2. Let h be u(3). Suppose h*i - 20 = -i. What is the units digit of i?
4
Suppose 5*s - 4*p - 999 = 0, 3*s - 5*s = 5*p - 393. What is the hundreds digit of s?
1
Suppose a - 15 = -3*d, -2*a = -3*d + 19 - 4. What is the units digit of d?
5
Let g(d) = d**2 + 10*d - 10. Let z = 10 + -19. Let v be g(z). Let a = -3 - v. What is the units digit of a?
6
Let h(d) = -d**2 + 9*d - 5. Let m be h(6). Let a = m - 8. Suppose 2*o - a = 15. What is the tens digit of o?
1
Suppose 2*i = 5*i. Suppose 3*c - 6 + 0 = i. Suppose 5*m - c = -2*w + w, -2*w - 7 = -m. What is the units digit of m?
1
What is the tens digit of 4/(-6) + (-1672)/(-24)?
6
What is the tens digit of (-7 - -6)/(2/(-42))?
2
Suppose c - 26 = -10. What is the tens digit of c?
1
Let n be -1*(-6 - -3)*-11. Let d be (-6)/33 + 192/n. Let h = d + 7. What is the units digit of h?
1
Suppose -3*m - 2*h + 437 = 0, 3*m + 3*h - 209 = 226. What is the tens digit of m?
4
Suppose 3*v - 59 = 2*c, 33 = v - 0*c + 2*c. What is the units digit of v?
3
What is the units digit of (-805)/(-6) + -1*5/30?
4
Let t = -7 - -8. Let b be -4*(0 + 1/(-4)). What is the tens digit of b + t - (-70)/7?
1
Suppose 11 + 16 = 5*h + b, -3*h + 12 = 2*b. Let c be (9/(-6))/(1/h). Let w = c + 15. What is the units digit of w?
6
Let x = 343 + -183. What is the tens digit of x?
6
Suppose -163 = 11*s - 416. What is the tens digit of s?
2
Suppose -5*m = 2*s + 9, 4*s + s - 15 = 0. Let c(d) = d**2 - 